 Let n = 2 + k. Suppose -8 = -n*o + o. Calculate z(o).
-5
Suppose 20 = 4*i, -5*x = -7*x + 3*i - 7. Suppose 4 = 2*q - q + 4*u, u + 50 = x*q. Suppose 3*b = 5*p - q, -4*p + 6 + 9 = 3*b. Let l(a) = -a - 3. Determine l(p).
-6
Let v(s) be the second derivative of -s**3/6 + 3*s**2 + 4*s. Suppose 0 = -4*n + d - 29, 5*n + 45 = 5*d - 2*d. What is v(n)?
12
Let l(o) = o**2 - o + 4. Suppose -4*u = 3*n + 51, -u = n + 3*n + 16. Let w be (8/(-6))/(4/u). Give l(w).
16
Let s(b) be the first derivative of -b**4/4 + 2*b**3/3 + 3*b**2/2 + 4*b + 48. Calculate s(3).
4
Let i(f) = -3*f - 5. Let x(k) = -7*k - 11. Let z(y) = 5*i(y) - 2*x(y). Let g(a) = a**2 + 4*a - 7. Let b be g(-6). Suppose b*s - 1 = 19. Calculate z(s).
-7
Let b(s) be the second derivative of 11*s + 0 - 1/3*s**4 + 0*s**2 + 0*s**3. What is b(-1)?
-4
Let t(d) = d**2 + 19*d - 3. Let s be t(-19). Let a(u) be the first derivative of -u**4/4 + 5*u**2/2 + 4*u - 7. Give a(s).
16
Let o = 10 + 10. Suppose 5*m + o = 2*x, 2*m = 4*m + 4. Let k(p) = 0*p**2 - 2 - 5*p**2 + x*p**2 + p**2. Determine k(0).
-2
Let y(i) be the third derivative of i**6/120 - i**5/15 + i**4/12 - 5*i**3/6 - 3*i**2 - 7. Let c be (-8)/(-6)*6/2. What is y(c)?
3
Let k(q) = 0*q + 2*q + 13 + q**2 - 19. Let m = 10 - 15. What is k(m)?
9
Let k(u) = u**3 + 2*u**2 - u + 1. Let v(o) = -o**3 - 6*o**2 - 9*o - 4. Let x be v(-2). Give k(x).
3
Let r(t) = t**2 - 9*t + 6. Let k = 143 + -134. Determine r(k).
6
Let r = -6 + 6. Suppose -f + 65 - 59 = r. Let a(s) = s**3 - 7*s**2 + 5*s. Give a(f).
-6
Let z = 107 + -51. Let x = z - 35. Let l(t) = 21 - t - x. What is l(3)?
-3
Suppose -145*h + 148*h = 6. Let o(d) be the first derivative of -1/4*d**4 - 1/3*d**3 - d - 2 + 1/2*d**h. Calculate o(-2).
1
Let c(g) = g**2 + 6*g + 6. Let l be (-329)/(-14) - (-3)/6. Suppose -z + 5*z + l = 0. What is c(z)?
6
Let f(p) = -p**2 + p - 4. Suppose -4*q + 4*i + 28 = 0, -q + 9 = i - 4*i. What is f(q)?
-34
Let w = 10 - 6. Let s be (-13)/(-5) - 8/(-20). Let a(k) = 3 + 6*k - s*k - 4*k - w. Calculate a(-1).
0
Let k(f) = 30*f - 9*f - 5 - 15*f - 8*f + 20. Give k(3).
9
Let y(w) be the second derivative of 0 - 1/2*w**2 - 12*w + 7/6*w**3 - 1/12*w**4. Determine y(6).
5
Let y(d) = 17*d**2 + d + 1. Let s be y(1). Let c(b) = -8 - 17*b + 35*b - s*b. Calculate c(7).
-15
Let x(c) = -7*c - 9. Suppose -9 - 3 = 2*i + 2*k, 5*i + 30 = 6*k. Give x(i).
33
Let j(t) = -3*t**2 + 7*t - 2. Let m(c) = c**2 - 2*c + 1. Suppose -q = l + 13, -6*l + l + 3*q - 49 = 0. Let p(h) = l*m(h) - 4*j(h). Determine p(6).
-3
Let h = 154 - 150. Suppose 0 = -10*r + 5*r. Suppose g + l - 7 = -r, 5*g = h*l + 35. Let z(u) = -u**3 + 7*u**2. Give z(g).
0
Let u(o) = 21*o**3 + o**2. Let q(c) = c**2 + 2*c - 1. Let i(p) = -5*p**2 + 2*p + 29. Let b(s) = -i(s) - 4*q(s). Let x be b(12). Determine u(x).
-20
Let s(q) = -q**2 + 8*q - 7. Let r(o) = -3*o - 15. Let i be r(-10). Suppose 0 = 7*g - i - 20. Calculate s(g).
8
Let n = -14 - -15. Let j(k) = -2*k**3 - 3*k**2 + k - 1. Let g(p) = 5*p**3 + 7*p**2 - 2*p + 2. Let a(v) = -3*g(v) - 7*j(v). What is a(n)?
-1
Let m = 23 + -21. Suppose 6 = -m*f - x + 17, -3*f - 2*x = -17. Let w(r) = 5*r + 5. Let v(d) = -11*d - 11. Let p(i) = -6*v(i) - 13*w(i). Calculate p(f).
6
Let k(r) = 98*r**2 - 49*r**2 - r**3 + 13 + 12*r - 58*r**2. Determine k(-10).
-7
Let z(m) = 19*m - 9*m - 10*m - 3*m - 7*m. Let j(v) = v**3 - 9*v**2 + 7*v + 7. Let q be j(8). Calculate z(q).
10
Suppose 4*j = -82 + 278. Let v(t) = t**3 + 5*t**2 - 10*t**2 + 53*t - j*t. Determine v(3).
-6
Let p(x) = -16*x - 494. Let r be p(-31). Let u(j) = -2*j**2 - 4*j - 1. Let o(z) = 6*z**2 + 13*z + 3. Let c(f) = 2*o(f) + 7*u(f). Determine c(r).
-13
Let t(j) = -j**3 - j**2 + 2*j + 2. Let z be t(-2). Let u(a) be the third derivative of -a**6/120 + a**5/20 - a**3/3 - 401*a**2. Determine u(z).
2
Let z(k) = k + 3. Suppose -o + 5*a = 2*o - 9, -3*a = -5*o + 15. Suppose 0 = -o*y - y - 20. What is z(y)?
-2
Let s(o) be the first derivative of -o**3/3 - 9*o**2/2 + 6*o + 171. Give s(-7).
20
Let s(i) = 10*i - 25. Let z be s(6). Suppose -30*h = -z*h - 25. Let p(d) = d**2 + 2*d - 2. What is p(h)?
13
Let w(b) = 1. Let p(r) = -33*r**2 + 0*r + r - 3 + 0*r + 22*r**2. Let u(o) = p(o) + 3*w(o). Calculate u(1).
-10
Suppose -3*a = -4*a - 7. Let r(g) = -g - 5. Let x be 4/(-10) - (-230)/(-50). Let o(s) = s + 5. Let y(m) = x*r(m) - 4*o(m). What is y(a)?
-2
Let v = 132 + -124. Let p(g) = g - 7. Determine p(v).
1
Suppose 5*n - k = 22, 4*n - 5*k = 16 + 10. Let h(q) = 18 - 5*q**2 - 5*q + n*q**2 + q**3 - 16. Determine h(3).
5
Let a(m) be the first derivative of m**3/6 + 11*m - 15. Let n(w) be the first derivative of a(w). Give n(3).
3
Let d(i) = -10*i - 4*i**2 - 8 - 5*i**2 - i**3 - 2 - 4. Let r be d(-8). Let f(y) = 2*y**2 + 3*y - 3. What is f(r)?
11
Suppose -4*j - 16 = 4*l, -l - 12 = -3*j + 2*l. Suppose -2*i + 3*y + 1 = j, 5*y - 1 = 3*i - i. Let g(h) = -1 + 2*h + 2 + 1. Give g(i).
6
Let s(a) = 3*a**2 + 1. Let w(p) = 8*p**2 - 11*p - 5. Let y(g) = -3*s(g) + w(g). Give y(-10).
2
Let p(h) be the second derivative of h**4/12 - 7*h**3/6 - h**2 + 8*h. Let x(y) = y**3 + 3*y**2 - 6*y - 3. Let f be x(-4). Calculate p(f).
-12
Suppose -163 = -23*v - 140. Let b(o) = 22*o**2 + o. Determine b(v).
23
Suppose 2*j - 13*j = 0. Let l(f) = -f**3 + 8. Calculate l(j).
8
Let q(b) = b**2 - 3*b - 4. Suppose -67*c = -65*c - 8. What is q(c)?
0
Let m(r) be the second derivative of -r**5/20 + 7*r**4/12 - r**3/6 + 3*r**2/2 + 6*r + 7. Give m(7).
-4
Suppose 0 = 10*r - 6*r. Suppose 5*t + 3*k - 60 = -r*k, 5*k = -4*t + 61. Let w be (-6)/(-4)*(-30)/t. Let o(x) = x**3 + 5*x**2 + x + 2. What is o(w)?
-3
Let j(k) = 3*k**3 + k**2 + 4*k + 3. Let w(h) = -13*h - 171. Let i be w(-13). What is j(i)?
-25
Let w(j) = 2*j + 14. Let p(g) = -g**3 - 8*g**2 - 4*g + 10. Let i be p(-7). Give w(i).
-8
Let j = -15 + 9. Let r be 5*(-10)/(-225) - 4/18. Let m(d) = 10 - 5 + r*d - 3 + d. What is m(j)?
-4
Let o(u) = u - 3. Let n be ((-24)/(-14))/6 - (-600)/(-42). Calculate o(n).
-17
Suppose 0 = 2*s + 5*x - 17, -x = 2*x - 3. Let t(y) = s - 2*y - 3 - 1. Let w be (4/5)/(20/150). Determine t(w).
-10
Let c(s) = -s + 1. Let k = -38 + 49. Suppose -25 = -5*o, o + o = -b - 4. Let g = k + b. Calculate c(g).
4
Let u(q) be the second derivative of q**5/20 - q**4/2 + q**3/6 + q**2/2 + 64*q. Determine u(6).
7
Suppose 3*x = 17*x + 84. Let v be (-18)/3*(-1)/2. Let h(o) = o**3 + 6 + 7*o**2 + 0*o**v - 2 + 5*o. What is h(x)?
10
Let q(t) be the second derivative of -9/2*t**2 - 1/2*t**3 + 30*t + 0. Determine q(-6).
9
Suppose -3*b + 5*v = -0*b - 9, 3*b - 3*v = 9. Let c(s) = -5*s - 2*s**2 + s**2 - s + 0 - b. Calculate c(-7).
-10
Let g(u) = -3*u + 47. Let a be g(15). Let i(o) = -5*o + 1 + 6*o + a*o + 16*o. Calculate i(1).
20
Let r(a) be the third derivative of a**6/360 - a**5/40 + a**4/4 + 5*a**3/3 + 3*a**2. Let v(d) be the first derivative of r(d). What is v(4)?
10
Let j(g) be the third derivative of g**4/24 - g**3 - 403*g**2. Determine j(5).
-1
Let b be ((-26)/(-39))/((-2)/(-6)). Let r(f) = -3*f**2 - 18*f + 22. Let g(t) = t**2 + 9*t - 11. Let a(s) = b*r(s) + 5*g(s). Give a(8).
-3
Let j(b) be the second derivative of b**4/12 - b**3/2 - 7*b**2/2 - 417*b. Give j(5).
3
Let f(g) = -9*g + 216 - 108 + 2*g - 107. Determine f(-3).
22
Let w(p) = 18*p**3 - 2*p + 1. Let j = -1 + -1. Let o be 24 - 25 - 4/j. Give w(o).
17
Let a(c) = -4*c + 42. Let w be a(11). Let l(u) = 6*u**2 + 3*u + 1. Calculate l(w).
19
Let r(h) = h**3 - 13*h**2 - 21*h + 13. Let f(k) = k**2 - 1. Let w(p) = 6*f(p) - r(p). Give w(20).
1
Let o(s) = 0 + 7*s**2 - 3 + 6*s - 13*s. Let n(f) = f + 1. Let r be n(-6). Let b(x) = -22*x**2 + 22*x + 10. Let l(v) = r*b(v) - 16*o(v). Give l(2).
-6
Let v(r) = 6 - 14 + 6 - 2*r + 12*r. Let k be -4 - -12*((-12)/(-8))/3. Determine v(k).
18
Let t(c) = -c + 3. Let j(x) = -6*x**3 + 0 - 10 + 8*x + 2*x**3 + 3*x**3 + 6*x**2. Let r be j(7). Determine t(r).
6
Let j(c) be the third derivative of 0*c + 0 - 1/6*c**3 - 51*c**2 - 1/24*c**4. Give j(-5).
4
Suppose -19 = c - 25. Let l(g) be the third derivative of g**4/8 - g**3 - 2*g**2. What is l(c)?
12
Let n(a) = -a**3 + 5*a**2 - a + 4. Let d = -1783 + 1787. Calculate n(d).
16
Let n(w) = w. Let j(q) = 5*q. Let y(t) = -6*j(t) + 33*n(t). Let h be 3*(32/(-12))/(-2). Let i(c) = c - 3. Let r be i(h). Give y(r).
3
Let t(r) = 2*r + 3*r - 2 - 2*r - r - 12. What i